s digit of h(c)?
6
Suppose 5*q - 4357 = -g, 4*q - 3*g - 3536 + 39 = 0. What is the units digit of ((-4)/14)/((-2)/14) + q?
4
Suppose n - 4*o - 10107 = -861, -3*n + 27749 = -o. What is the thousands digit of n?
9
Suppose 5*f - 50 = -4*k, -f + 4*k + 23 + 11 = 0. What is the tens digit of ((-21)/f)/(-2 - (-129)/66)?
3
Let x(s) = 6*s - 1 + 9*s + 0*s. Let h be x(-1). What is the tens digit of -2*-226*(-4)/h?
1
Suppose -4*z - 4*y - 116434 + 402870 = 0, -5*z = -y - 358057. What is the tens digit of z?
1
Let z(j) = 13*j - 174. Let s be z(13). Let a(l) be the first derivative of -43*l**2/2 - 12*l - 1. What is the tens digit of a(s)?
0
Let j = -572 + 1047. Let s(i) = i**3 + 5*i**2 - 5*i + 6. Let v be s(-6). Suppose -5*o + 285 = 3*b, 0 = 5*b - v*b + 2*o - j. What is the units digit of b?
5
Let q = 9730 + -5547. What is the units digit of q?
3
Suppose -34*c - 370335 = -1188239. What is the hundreds digit of c?
0
Let x = 9136 - -11939. What is the thousands digit of x?
1
Let p(l) = l**3 + 5*l**2 - 7*l - 12. Let q be p(-6). Let u(v) = 3*v - 5. Let m(a) = -3*a + 4. Let j(r) = q*u(r) - 7*m(r). What is the units digit of j(3)?
1
Let t(h) = 74*h**2 + 5*h + 61. Let n = 93 + -97. What is the hundreds digit of t(n)?
2
Let x = 4770 - 4609. What is the units digit of x?
1
Let y(u) = 149*u**2 + 270*u - 2794. What is the hundreds digit of y(10)?
8
Let k = 496 + -478. Let c(o) = 24*o - 133. What is the units digit of c(k)?
9
Let o be (-14)/(-6) + (-104)/(-156). Suppose 0*z + 484 = o*u + 2*z, u + z = 162. What is the tens digit of u?
6
Suppose 4*j = 6*j + 120. What is the units digit of j*52/(-8) + -5?
5
Let d(o) = 29*o**2 + 4*o + 5. Let s be (-4*(-18)/48)/(6/20). Suppose -s = -2*w - 9. What is the hundreds digit of d(w)?
1
What is the thousands digit of (107945/(-10))/(12/(-24))?
1
Let d be 1/(-1) - 4 - (-52520)/20. Suppose 571 = 4*q - d. What is the tens digit of q?
9
Suppose -57*w = -56*w + 2. Let k be w/8 - 1302/(-56). Suppose -5*v + 17 = -k. What is the units digit of v?
8
What is the thousands digit of -2265*240/(-100) + 0 + -7?
5
Let i = -8031 + 21716. What is the thousands digit of i?
3
Let n(h) = 26*h - 12. Let y(j) = -77*j + 35. Let g(m) = 8*n(m) + 3*y(m). Suppose 52 = -8*d + 28. What is the tens digit of g(d)?
7
Suppose 144 = -37*d + 43*d. Let b be (8/4)/((-4)/d). Let s(l) = 2*l**2 + 3*l + 17. What is the tens digit of s(b)?
6
Let m(x) = x**3 + 7*x**2 + 9*x - 37. Let d(p) = p**3 + 6*p**2 + 8*p - 36. Let w(g) = 4*d(g) - 5*m(g). What is the tens digit of w(-13)?
4
Let f(t) = -6*t - 20 + 53 + 10*t**2 - 29. What is the units digit of f(5)?
4
Let x be (318220/(-15))/(-14) - (-2)/(-6). Let a = x + -1057. What is the tens digit of a?
5
Suppose 363*p - 372*p + 2479 = -3416. What is the hundreds digit of p?
6
Suppose o = 3*w - o - 19, 2*w - 8 = -o. Suppose v + w*h = 3*v + 2, -4*v + 28 = -2*h. Let s = 119 - v. What is the units digit of s?
0
What is the tens digit of 1/(-3) - 136780/(-210)?
5
Suppose 0 = -203*y + 197*y + 18. Let o be 2/(-12) - (-170)/12. Suppose -o = -5*l + y*l. What is the units digit of l?
7
Let b be -1 - 1 - (946 - -31). Let p = b + 1410. What is the units digit of p?
1
Suppose -115*h = -110*h - 50. Let i be 1219 - (h + -12 + (1 - -2)). Suppose 0 = -9*b + 2*b + i. What is the hundreds digit of b?
1
Suppose -52*t - 31599 = 4073. Let i = -212 - t. What is the hundreds digit of i?
4
Suppose 14*r - 15*r - 828 = -3*m, -4*r = 5*m - 1397. Let g = 8 - 140. Let a = g + m. What is the units digit of a?
5
Let l = -3935 - -20784. What is the units digit of l?
9
Let z = 4683 - 1096. What is the units digit of z?
7
Suppose -3 = -4*a + 13. Let b(t) = 13*t**2 + 1 + 1 + 2 + a*t - 6*t**3 + 5*t**3. What is the tens digit of b(13)?
5
Let p = 2747 + 3169. What is the units digit of p?
6
Let p(d) = -2563*d + 7610. What is the ten thousands digit of p(-29)?
8
Let a(j) = 5*j**2 - 2*j - 78. Let k be a(36). Suppose -9*z = 6*z - k. What is the tens digit of z?
2
Let j(m) = m**2 + m. Let p(i) = i**3 + 9*i**2 - 8*i - 20. Let v(b) = 4*j(b) + p(b). Let t be -6 + (26 - 11) - 22. What is the tens digit of v(t)?
3
What is the units digit of 19 + -18 - (-3506)/1?
7
Let q be ((-2)/(-4) - 5/2) + 276. Suppose d - 3*y = 319 - 49, y = -d + q. What is the hundreds digit of d?
2
Suppose -134*u + 1178448 + 878229 = -15*u. What is the units digit of u?
3
Let m be ((-10)/(-4))/((-2)/8*-2). Suppose -3*j + 21 = -3*t - 0*t, 5*j - m = -5*t. Suppose 110 = s + j*c, 2*s - 129 = 4*c + 55. What is the units digit of s?
8
Suppose 25*b - 27*b - 3*v = -18074, -36208 = -4*b + 4*v. What is the hundreds digit of b?
0
Let c(m) = -11*m**3 - 3*m**2 - m - 119. What is the hundreds digit of c(-8)?
3
Let o = -480 - -378. Let y = o - -273. What is the tens digit of y?
7
Suppose 13*q - 26 = -0. Suppose -5*x = m - 1353, 3*x + 0*m - 817 = q*m. What is the hundreds digit of x?
2
Suppose 5*n - 607 = 393. Let i(q) = q**2 - 7*q + 57. Let s be i(13). Let y = n - s. What is the tens digit of y?
6
Let c = 11565 + -7168. What is the units digit of c?
7
Suppose -48 = -5*j - 13. Let d be 3/(-5) - 535/25. Let o = j - d. What is the units digit of o?
9
Let d(n) = -2658*n - 534. What is the hundreds digit of d(-3)?
4
Let d = 60 + -61. Let h be ((-20)/(-25))/(8/(-10) - d). Suppose -6*k + 72 = -h*k. What is the units digit of k?
6
What is the thousands digit of (9955665/(-805))/((-12)/28)?
8
Let v(m) = 27*m**3 - 12*m**2 - 2*m - 20. Let g be v(6). Suppose -4*c + 3*i = -3*c - 1071, -5*c = -2*i - g. What is the thousands digit of c?
1
Suppose -75*b - 43199 = -3*n - 76*b, 5*b = -2*n + 28821. What is the tens digit of n?
9
What is the units digit of (-1)/(5/(-3425)*(-20)/(-876))?
3
Let i(c) = c + 17. Let u(l) = l**3 + 6*l**2 + 7*l + 3. Let n be u(-5). Let d be i(n). Suppose 0*h + 980 = d*h. What is the tens digit of h?
9
Suppose 11*m - 67 + 1 = 0. Let l(z) = 2*z - 7. Let u be l(m). What is the units digit of (-1)/(-1*u/365)?
3
What is the tens digit of (-259111)/(-7) - (-5)/((-560)/96)?
1
Let k(q) = -q**2 - 48*q - 139. Let b be k(-3). Suppose a + 2*a = 150. What is the units digit of (-2*a)/(2 + b)?
0
Let q = -16 + 23. Let j(o) = o**3 - 3*o**2 - 6*o - 22. Let k be j(q). Suppose -5*h = -r + 144, -r + h = -h - k. What is the units digit of r?
4
Suppose p - 28 = 16. Let s be 11/(p/(-24))*(-1)/2. Suppose s*z + u - 2 - 2 = 0, u - 6 = -5*z. What is the units digit of z?
1
Let d(j) = -j**2 + 2*j + 1. Let o(n) = 6*n**2 + 4. Let s(u) = 2*d(u) + o(u). What is the units digit of s(9)?
6
What is the thousands digit of 3*2*(-1752080)/(-726)?
4
Suppose 0*m - 24 = 12*m. What is the units digit of ((-23280)/21)/m + 30/(-105)?
4
Suppose -3*l + 97 - 1 = 0. Let t be (l/60 - (-8)/(-6))*-5. Suppose -103 = t*c - 5*c. What is the units digit of c?
3
Let h = -50137 + 75393. What is the thousands digit of h?
5
Let p = -109 + 114. Let q(o) = 6*o**2 - 4*o + 27. What is the tens digit of q(p)?
5
Let c(v) = 2*v**2 + 10*v + 85. Let s be ((-1)/(-1))/(((-11)/(-209))/(-1)). What is the tens digit of c(s)?
1
Let p be (15/(-10))/(3/(-8)). Let k be (6/21)/(p/28). Suppose k*l - 69 = 31. What is the tens digit of l?
5
Let x = 58 + -31. Let q = 27 - x. What is the units digit of -41*(q/1 - (-1 - -2))?
1
Let l(z) = z**2 - 26*z - 29. Let t = 101 - 73. What is the units digit of l(t)?
7
Suppose -5*t - 5061 = -5*q + 1649, -2*q + 2699 = -5*t. What is the thousands digit of q?
1
Let d be (-2)/10 - (-204)/(-30). Let n be (d/(-4))/(-7) + 18/8. Suppose -n*m = -5*m + 345. What is the tens digit of m?
1
What is the hundreds digit of 10969*(70/10 + -6)?
9
Let w = -275 - -273. What is the tens digit of (-8 + w - -15) + (-412)/(-2)?
1
Let i be (-3 + 1)/2 + 7*1. Suppose 4*z = -i*z + 20. Suppose 118 = z*x + l - 0*l, -4*x - 4*l = -228. What is the tens digit of x?
6
Suppose 12*m = 7*m + 3*d + 996, 0 = 2*m + 4*d - 414. Let g(q) = 196*q + m*q - 392*q - 14. What is the units digit of g(14)?
6
Let q(h) = 2*h**3 + h**2 + 6*h - 5. Let j(w) = w**2 - 17*w + 42. Let r be j(19). Let u = 82 - r. What is the units digit of q(u)?
7
Suppose -3*w - 135 = -4*p, -3*w = -0*p - 2*p + 75. What is the units digit of (p/(-75))/(2/(-1945))?
9
Let i(r) = 16*r**2 - 159*r + 4. What is the units digit of i(-14)?
6
Let l(f) = 10*f**2 - 3*f - 2. Let x be 36/(-45)*10/(-4). Suppose 3*r + 2*q = -r + 8, 0 = 5*r - x*q - 